 -3?
1
Let a(n) = n**3 - 3*n**2 - n + 5. What is the tens digit of a(4)?
1
Suppose 71*t - 68*t = 240. What is the tens digit of t?
8
What is the units digit of (-570)/2*(4/(-3) + 1)?
5
Suppose 2*s = 2*t - 144, 3*s + 8 = -s. What is the units digit of t?
0
Let y(s) = s + 3. Let h be y(3). Suppose 12 = 3*w - h. What is the units digit of w?
6
Suppose 0 = -j - 4 + 10. Let l be (4 - 1)*j/(-9). What is the units digit of 5/2 + l/4?
2
Let o = 5 + 2. Suppose 6*i - o*i = -1. What is the units digit of i?
1
Let p = -15 - -57. Let v = p - 9. What is the units digit of v?
3
Let v(z) = 7*z**2 - 1. Let j be v(1). Suppose 0 = 2*s - 4*o - 24, 4*s + 2*o = j + 2. What is the units digit of 12/s + (-2 - -1)?
2
Let q(i) = -i**3 + 8*i**2 - 2*i + 2. Let h be q(4). Let f = 100 - h. What is the tens digit of f?
4
Suppose -z - 17 = 5*s, -4*z + 2*z - 2*s = 2. Suppose -l - 4 = n - 2*l, n - 2*l + 9 = 0. Let h = z - n. What is the units digit of h?
2
What is the units digit of ((-9)/(-4))/((-12)/(-640))?
0
Let f(d) = -2*d**3 - 4*d**2 - 3*d - 1. Let y be f(-2). Suppose 28 = -0*q + q - 5*w, -10 = y*q + 5*w. What is the units digit of q?
3
Let b = -28 - -34. What is the units digit of b?
6
Let b(w) = -11*w - 1. What is the units digit of b(-4)?
3
Suppose h + 17 = 2*b, b - h + 2*h - 4 = 0. What is the units digit of b?
7
Suppose 4*y = -7 + 19. Suppose -4*g - 3*c = -33, -c + 23 = 4*g + 4*c. Suppose y*n - v + 6 = 4*n, -2*n + g = -v. What is the units digit of n?
6
Let c(w) = -w - 4. Let t(p) = p - 4. Let r be t(-3). Let d be c(r). What is the tens digit of 28/d*(-12)/(-8)?
1
Suppose u = 5*z - 72 - 115, 2*z - 73 = u. Let f = -21 + z. What is the tens digit of f?
1
Suppose 0*f - f - 4*b + 83 = 0, -4*b = -3*f + 201. Suppose -5*g = -4*j - 268, g + 0*g = -5*j + f. What is the tens digit of g?
5
Let l(p) = -p**3 + p**2 + p - 3. Let c be l(3). What is the units digit of ((-3)/(-9))/((-1)/c)?
6
Let y = -64 - -46. Let j be y/(-15)*(-10)/(-4). Suppose -j*s + 7 = -0*i + i, -2 = -2*s. What is the units digit of i?
4
Let q(k) = -k**3 + 5*k**2 + 8*k - 9. Let a be q(6). Suppose 0*r = -a*r - 2*g + 14, -3*g = 6. What is the units digit of r?
6
Suppose 27 = o - 6. What is the tens digit of o?
3
Let p(t) = t**3 - 29*t**2 - 29*t + 5. What is the units digit of p(30)?
5
Suppose -s + 1 = -1. Let o(g) be the third derivative of g**5/30 + g**4/8 - g**3/6 - 4*g**2. What is the units digit of o(s)?
3
Let c = 8 + -4. Suppose -4*j + 156 = c*n, 4*n - 3*j - 103 - 25 = 0. What is the tens digit of n?
3
Let y(f) = f**3 + 4*f**2 - 2. What is the units digit of y(-3)?
7
Let q(n) = n**2 - 7*n + 15. Suppose 4*p = 2*u + 2*p - 24, 0 = 3*p + 12. What is the units digit of q(u)?
3
Let v be (0 + 0)*1 - 0. Suppose 5*u - 57 - 108 = v. What is the tens digit of u?
3
Let v(j) = 8*j + 7. What is the hundreds digit of v(25)?
2
Let t = 15 - 8. What is the units digit of t?
7
Suppose -7*w + 444 = -4*w. What is the tens digit of w?
4
Suppose 4 - 2 = c, 5*c + 71 = 3*g. What is the units digit of g?
7
Let s(y) be the third derivative of -y**4/24 + 7*y**3/3 - 5*y**2. What is the units digit of s(9)?
5
Suppose 3*z + 111 = 2*o - 0*z, 0 = -2*o - z + 107. What is the units digit of o?
4
Let i be -11 - -3 - (-3)/1. Let g(c) = c**3 + 5*c**2 - c - 2. What is the units digit of g(i)?
3
Let l = 22 + -42. Let o = l + 46. What is the tens digit of o?
2
Let p = 13 + -8. Suppose 1 = p*v - 144. What is the units digit of v?
9
Suppose y - 2*n = 2*y + 14, 3*y + 2*n = -26. Suppose 3*j + 3 = 5*m - 14, -5*m + 23 = 3*j. What is the units digit of (y/(-4))/(2/m)?
3
Let w(r) be the second derivative of r**5/20 - 7*r**4/12 + r**3 + 2*r**2 - 3*r. Let g be w(6). Suppose -g*x + 36 = 8. What is the units digit of x?
7
Suppose 5*p = -i + 16, i - 3*p = -10 - 6. Let l(x) = x**3 - 3*x**2 - 2*x. Let q be l(4). Let y = q + i. What is the units digit of y?
4
Suppose 15 = -3*q + 108. What is the units digit of q?
1
Suppose 3*k = 4 + 5. Suppose 4*w - 55 = -5*c + 5*w, 0 = -3*c + k*w + 21. What is the tens digit of c?
1
Let s be -1 - ((-4)/1 - 2). Let r(i) be the first derivative of i**4/4 - 2*i**3 + 7*i**2/2 + i - 1. What is the units digit of r(s)?
1
Let s(t) = -t - 18. Let u be s(-9). Let a = u + 14. What is the units digit of a?
5
Let k(v) = 7*v + 2. Let q(p) = -8*p - 3. Let z(m) = 4*k(m) + 3*q(m). What is the units digit of z(2)?
7
Let i(k) = k**2 + 9*k + 4. Let m be i(-8). Let l(s) = -s**3 - 2*s**2 + 3*s - 2. What is the tens digit of l(m)?
1
Let n = -11 + 15. What is the units digit of n?
4
Let u(c) = -c**2 - 9*c + 3. Let f be u(-9). Let l(i) = 5*i - 5. What is the units digit of l(f)?
0
Let f = -139 + 447. What is the hundreds digit of f?
3
Let d = 11 - 7. Suppose g - 24 = -2*f, 3*f + 0*g + d*g - 26 = 0. What is the units digit of f?
4
Let k = 10 + -7. Let p = k - 0. What is the units digit of p?
3
Let p(s) = -6*s**2 - 2*s. Let k be p(2). Let m = -17 - k. What is the tens digit of m?
1
Let b = 2 + -2. Let a = -15 - -25. Suppose b = 5*j - 25 + a. What is the units digit of j?
3
Let l = 66 + -7. What is the units digit of l?
9
Suppose 4*b - 2*d = -d + 3, -3*b - d = -11. Suppose -11 = -3*a - 4*s, 3*a + b*s - 5 = 2. What is the units digit of a?
1
Suppose 2 = i + 1. Let c(q) = 3*q**2 - q. Let o be c(i). Suppose k = 4*v + 18, 3*k - v = o*v + 27. What is the units digit of k?
6
Suppose -v - 2*t + 4*t - 17 = 0, -3*v - 1 = 4*t. Let r = 8 + v. What is the units digit of r?
1
Suppose -8 = 4*p - 36. What is the units digit of p?
7
What is the hundreds digit of (-101)/(-6)*10 + (-1)/3?
1
Suppose 0 = 4*l - 5*y - 89, 0*l - 65 = -3*l + 2*y. What is the units digit of 14/l*1*30?
0
Let z be -1 - 12/2*-4. Suppose -4*c - 88 = -3*s, -3*s + 57 = -2*c - z. What is the units digit of s?
4
Let m(g) be the third derivative of -g**7/840 + g**6/90 + g**5/60 - g**3/2 - 2*g**2. Let k(s) be the first derivative of m(s). What is the tens digit of k(3)?
1
Let n = -21 - -13. Let v(o) = -2*o - 6. What is the units digit of v(n)?
0
What is the units digit of ((-3)/1)/((-45)/255)?
7
Let r(l) be the second derivative of 6*l**2 + 1/6*l**3 - l + 0. What is the units digit of r(-9)?
3
Suppose -2*y + y = -5*x + 93, -2*y + 4 = 0. What is the units digit of x?
9
Let i(a) = 2*a**3 - 5*a**2 + 9*a - 7. What is the tens digit of i(5)?
6
Let v(b) = -b**3 + 5*b**2 - 2*b + 6. Let x be v(5). Let q(c) = c**3 + 5*c**2 + 2*c - 1. What is the units digit of q(x)?
7
Let a(i) = -9*i + 5. What is the units digit of a(-5)?
0
Suppose -3*d + 160 = 2*r, 2*r + d + 0 = 168. What is the tens digit of r?
8
Let x(j) = -4*j**3 + j**2 + 2*j + 1. Let z be x(-1). Suppose -10 = 2*y - z*y. Let f = y + 7. What is the tens digit of f?
1
Let s(x) = -2*x**3 - 10*x**2 - 6*x - 21. What is the units digit of s(-6)?
7
Let v(r) = -3*r + 5 - 4 + r**2 + 0*r**2. Suppose -y = 4*x - 7, 2*y = x + 4*y + 7. What is the units digit of v(x)?
1
Suppose -z + 5 + 2 = 0. Suppose 6 = -z*j + 10*j. What is the units digit of (-1)/j*(-8 - 2)?
5
Let i(l) = -l**3 - 5*l**2 - 5*l + 1. Let z be i(-4). Let p = 19 + z. What is the units digit of p?
4
Let y(g) = -g**2 - 7*g - 2. Suppose 3*z + 7 = -11. Let l be y(z). Suppose l*w - 29 = -5. What is the units digit of w?
6
Let u(w) = w**2 + w + 17. Let t(y) = y - 2. Let f be t(3). Let c be (1 - f)/(5 - 6). What is the tens digit of u(c)?
1
Suppose -3*q + 2*x + 67 = 0, -q + 9*x + 18 = 4*x. What is the tens digit of q?
2
Suppose -5*i - 12 + 5 = v, -2*v - 4*i = 8. What is the units digit of (-58)/(-6) + v/(-6)?
0
Let o(y) = 5*y**2 - y - 7. What is the hundreds digit of o(5)?
1
Let w be (-1)/4 - (-17)/4. Suppose -w = 5*g - 44. What is the units digit of g?
8
Let v(i) = i**2 + 14*i + 71. What is the units digit of v(-8)?
3
Let k be 1*3 - (-1 - 2). Suppose -2*r + k = -2. What is the units digit of r?
4
What is the units digit of ((-48)/(-20))/((-6)/(-480))?
2
Suppose 0 = -2*q + 95 + 121. What is the units digit of ((-2)/(-6))/(6/q)?
6
Let q(x) = 4*x + 1 + 6*x**2 - 4*x - x. What is the units digit of q(1)?
6
What is the tens digit of (-160 + 3)*(-2 + 3)*-1?
5
Suppose -5*j - 5*q = -65, 0*q = q - 1. Suppose -j - 8 = -4*x. What is the units digit of x?
5
Let h be (-5)/2*(-8)/4. Suppose -h = -2*j + 5. Suppose -5*d + x + 31 = -x, 4 = 2*d - j*x. What is the units digit of d?
7
Suppose 568 = 6*z - 470. What is the units digit